{"id":5276,"date":"2025-05-09T12:30:49","date_gmt":"2025-05-09T10:30:49","guid":{"rendered":"https:\/\/panots.es\/declaracion-de-accesibilidad\/"},"modified":"2025-10-15T01:38:05","modified_gmt":"2025-10-14T23:38:05","slug":"declaracio-daccessibilitat","status":"publish","type":"page","link":"https:\/\/panots.es\/ca\/declaracio-daccessibilitat\/","title":{"rendered":"Declaraci\u00f3 d&#8217;Accessibilitat"},"content":{"rendered":"\n<p class=\"wp-block-paragraph\">La present declaraci\u00f3 d\u2019accessibilitat s\u2019aplica al lloc web <a href=\"https:\/\/panots.es\/ca\/\">https:\/\/panots.es<\/a> (els subdominis d\u2019aquest lloc web tindran les seves pr\u00f2pies declaracions d\u2019accessibilitat).<\/p>\n\n<h2 class=\"wp-block-heading\">Situaci\u00f3 de compliment<\/h2>\n\n<p class=\"wp-block-paragraph\">Aquest lloc web \u00e9s <strong>parcialment conforme<\/strong> amb el Reial decret 1112\/2018, de 7 de setembre, a causa de la manca de conformitat dels aspectes que s\u2019indiquen a continuaci\u00f3.<\/p>\n\n<h2 class=\"wp-block-heading\">Contingut no accessible<\/h2>\n\n<p class=\"wp-block-paragraph\">El contingut que es recull a continuaci\u00f3 no \u00e9s accessible per les seg\u00fcents raons:<\/p>\n\n<p class=\"wp-block-paragraph\"><strong>1. Incompliment del Reial decret 1112\/2018, del 7 de setembre:<\/strong>Podrien existir errors puntuals d&#8217;edici\u00f3 en alguna p\u00e0gina web, tant en continguts HTML com en documents finals publicats despr\u00e9s del 20 de setembre de 2018 (data d&#8217;entrada en vigor del Reial decret 1112\/2018, del 7 de setembre). Concretament, pot haver-hi errades en aquells documents que contenen gr\u00e0fics, taules complexes o en aquells signats electr\u00f2nicament abans de la seva revisi\u00f3 d&#8217;accessibilitat.<\/p>\n\n<p class=\"wp-block-paragraph\"><strong>2. C\u00e0rrega desproporcionada:<\/strong>no \u00e9s aplicable.<\/p>\n\n<p class=\"wp-block-paragraph\">3. El contingut <strong>no entra dins de l\u2019\u00e0mbit de la legislaci\u00f3<\/strong> aplicable: hi ha arxius ofim\u00e0tics en PDF o altres formats publicats abans del 20 de setembre de 2018 que no compleixen totalment tots els requisits d\u2019accessibilitat; tamb\u00e9 poden trobar-se en aquesta situaci\u00f3 continguts de tercers que no s\u00f3n finan\u00e7ats, ni desenvolupats, ni estan sota el control d\u2019aquest Ministeri.<\/p>\n\n<h2 class=\"wp-block-heading\">Preparaci\u00f3 d&#8217;aquesta declaraci\u00f3 d&#8217;accessibilitat<\/h2>\n\n<p class=\"wp-block-paragraph\">Aquesta declaraci\u00f3 es va preparar el 13 d&#8217;abril de 2023.<\/p>\n\n<p class=\"wp-block-paragraph\">El m\u00e8tode utilitzat per preparar la declaraci\u00f3 ha estat una autoavaluaci\u00f3 realitzada pel mateix organisme.<\/p>\n\n<p class=\"wp-block-paragraph\">\u00daltima revisi\u00f3 de la declaraci\u00f3: 13 d&#8217;abril de 2023.<\/p>\n\n<h2 class=\"wp-block-heading\">Observacions i dades de contacte<\/h2>\n\n<p class=\"wp-block-paragraph\">Pot realitzar <strong>comunicacions<\/strong> sobre requisits d\u2019accessibilitat (article 10.2.a) del RD 1112\/2018), com per exemple:<\/p>\n\n<ul class=\"wp-block-list\">\n<li>informar sobre qualsevol possible <strong>incompliment<\/strong> per part d\u2019aquest lloc web<\/li>\n\n\n\n<li>transmetre altres <strong>dificultats d\u2019acc\u00e9s<\/strong> al contingut<\/li>\n\n\n\n<li>formular qualsevol altra <strong>consulta o suggeriment de millora<\/strong> relatiu a l\u2019accessibilitat del lloc web<\/li>\n<\/ul>\n\n<p class=\"wp-block-paragraph\">A trav\u00e9s del correu electr\u00f2nic sabatika20@gmail.com o trucant al tel\u00e8fon 671267041.<\/p>\n\n<p class=\"wp-block-paragraph\">Pot presentar:<\/p>\n\n<ul class=\"wp-block-list\">\n<li>una <strong>Queixa<\/strong> relativa al compliment dels requisits del RD 1112\/2018 o<\/li>\n\n\n\n<li>una&nbsp;<strong>Solicitud de Informaci\u00f3n accesible&nbsp;<\/strong>relativa a:\n<ul class=\"wp-block-list\">\n<li>o <strong>continguts<\/strong> que estan <strong>exclosos<\/strong> de l\u2019<strong>\u00e0mbit d\u2019aplicaci\u00f3<\/strong> del RD 1112\/2018 segons el que estableix l\u2019article 3, apartat 4<\/li>\n\n\n\n<li>o <strong>continguts<\/strong> que estan <strong>exempts<\/strong> del <strong>compliment<\/strong> dels requisits d\u2019accessibilitat per imposar una <strong>c\u00e0rrega desproporcionada<\/strong>.<\/li>\n<\/ul>\n<\/li>\n<\/ul>\n\n<p class=\"wp-block-paragraph\">Les comunicacions seran rebudes i tractades per PANOTS FASHION, S.L com a responsable dels continguts d\u2019aquest lloc web.<\/p>\n\n<h2 class=\"wp-block-heading\">Procediment d&#8217;aplicaci\u00f3<\/h2>\n\n<p class=\"wp-block-paragraph\">A trav\u00e9s d&#8217;aquest procediment podreu iniciar una reclamaci\u00f3 per con\u00e8ixer i oposar-vos als motius de la desestimaci\u00f3 d&#8217;una sol\u00b7licitud d&#8217;informaci\u00f3 accessible o queixa, instar a l&#8217;adopci\u00f3 de les mesures oportunes si no esteu d&#8217;acord amb la decisi\u00f3 presa, o exposar les raons per les quals considereu que la resposta no compleix amb els requisits exigits.<\/p>\n\n<h2 class=\"wp-block-heading\">Contingut opcional<\/h2>\n\n<p class=\"wp-block-paragraph\">La versi\u00f3 actual d&#8217;aquest lloc web \u00e9s de gener de 2023, i en aquella data es va fer la revisi\u00f3 del nivell d&#8217;accessibilitat vigent en aquell moment.<\/p>\n\n<p class=\"wp-block-paragraph\">A partir d&#8217;aquesta data, es faran revisions parcials di\u00e0ries del contingut web nou o modificat, tant de les plantilles com de les p\u00e0gines i documents finals publicats, per garantir el compliment dels requisits d&#8217;accessibilitat de la Norma UNE-EN 301549:2019, tenint en compte les excepcions del Reial decret 1112\/2018, del 7 de setembre.<\/p>\n\n<p class=\"wp-block-paragraph\">Entre d&#8217;altres, s&#8217;adopten les seg\u00fcents mesures per facilitar l&#8217;accessibilitat:<\/p>\n\n<ul class=\"wp-block-list\">\n<li>Utilitzaci\u00f3 de text alternatiu a les imatges<\/li>\n\n\n\n<li>Els enlla\u00e7os ofereixen detalls sobre la funci\u00f3 o destinaci\u00f3 de l&#8217;hipervincle.<\/li>\n\n\n\n<li>\u00das dels est\u00e0ndards del W3C: HTML5, CSS, DOM, SVG.<\/li>\n<\/ul>\n","protected":false},"excerpt":{"rendered":"<p>La present declaraci\u00f3 d\u2019accessibilitat s\u2019aplica al lloc web https:\/\/panots.es (els subdominis d\u2019aquest lloc web tindran les seves pr\u00f2pies declaracions d\u2019accessibilitat). Situaci\u00f3 de compliment Aquest lloc web \u00e9s parcialment conforme amb el Reial decret 1112\/2018, de 7 de setembre, a causa de la manca de conformitat dels aspectes que s\u2019indiquen a continuaci\u00f3. Contingut no accessible El [&hellip;]<\/p>\n","protected":false},"author":1,"featured_media":0,"parent":0,"menu_order":0,"comment_status":"closed","ping_status":"closed","template":"","meta":{"_acf_changed":false,"footnotes":""},"class_list":["post-5276","page","type-page","status-publish","hentry"],"acf":[],"_links":{"self":[{"href":"https:\/\/panots.es\/ca\/wp-json\/wp\/v2\/pages\/5276","targetHints":{"allow":["GET"]}}],"collection":[{"href":"https:\/\/panots.es\/ca\/wp-json\/wp\/v2\/pages"}],"about":[{"href":"https:\/\/panots.es\/ca\/wp-json\/wp\/v2\/types\/page"}],"author":[{"embeddable":true,"href":"https:\/\/panots.es\/ca\/wp-json\/wp\/v2\/users\/1"}],"replies":[{"embeddable":true,"href":"https:\/\/panots.es\/ca\/wp-json\/wp\/v2\/comments?post=5276"}],"version-history":[{"count":0,"href":"https:\/\/panots.es\/ca\/wp-json\/wp\/v2\/pages\/5276\/revisions"}],"wp:attachment":[{"href":"https:\/\/panots.es\/ca\/wp-json\/wp\/v2\/media?parent=5276"}],"curies":[{"name":"wp","href":"https:\/\/api.w.org\/{rel}","templated":true}]}}

Declaració d&#8217;Accessibilitat

<p class="wp-block-paragraph">La present declaració d’accessibilitat s’aplica al lloc web <a href="https://panots.es/ca/">https://panots.es</a> (els subdominis d’aquest lloc web tindran les seves pròpies declaracions d’accessibilitat).</p>

<h2 class="wp-block-heading">Situació de compliment</h2>

<p class="wp-block-paragraph">Aquest lloc web és <strong>parcialment conforme</strong> amb el Reial decret 1112/2018, de 7 de setembre, a causa de la manca de conformitat dels aspectes que s’indiquen a continuació.</p>

<h2 class="wp-block-heading">Contingut no accessible</h2>

<p class="wp-block-paragraph">El contingut que es recull a continuació no és accessible per les següents raons:</p>

<p class="wp-block-paragraph"><strong>1. Incompliment del Reial decret 1112/2018, del 7 de setembre:</strong>Podrien existir errors puntuals d&#8217;edició en alguna pàgina web, tant en continguts HTML com en documents finals publicats després del 20 de setembre de 2018 (data d&#8217;entrada en vigor del Reial decret 1112/2018, del 7 de setembre). Concretament, pot haver-hi errades en aquells documents que contenen gràfics, taules complexes o en aquells signats electrònicament abans de la seva revisió d&#8217;accessibilitat.</p>

<p class="wp-block-paragraph"><strong>2. Càrrega desproporcionada:</strong>no és aplicable.</p>

<p class="wp-block-paragraph">3. El contingut <strong>no entra dins de l’àmbit de la legislació</strong> aplicable: hi ha arxius ofimàtics en PDF o altres formats publicats abans del 20 de setembre de 2018 que no compleixen totalment tots els requisits d’accessibilitat; també poden trobar-se en aquesta situació continguts de tercers que no són finançats, ni desenvolupats, ni estan sota el control d’aquest Ministeri.</p>

<h2 class="wp-block-heading">Preparació d&#8217;aquesta declaració d&#8217;accessibilitat</h2>

<p class="wp-block-paragraph">Aquesta declaració es va preparar el 13 d&#8217;abril de 2023.</p>

<p class="wp-block-paragraph">El mètode utilitzat per preparar la declaració ha estat una autoavaluació realitzada pel mateix organisme.</p>

<p class="wp-block-paragraph">Última revisió de la declaració: 13 d&#8217;abril de 2023.</p>

<h2 class="wp-block-heading">Observacions i dades de contacte</h2>

<p class="wp-block-paragraph">Pot realitzar <strong>comunicacions</strong> sobre requisits d’accessibilitat (article 10.2.a) del RD 1112/2018), com per exemple:</p>

<ul class="wp-block-list">
<li>informar sobre qualsevol possible <strong>incompliment</strong> per part d’aquest lloc web</li>



<li>transmetre altres <strong>dificultats d’accés</strong> al contingut</li>



<li>formular qualsevol altra <strong>consulta o suggeriment de millora</strong> relatiu a l’accessibilitat del lloc web</li>
</ul>

<p class="wp-block-paragraph">A través del correu electrònic sabatika20@gmail.com o trucant al telèfon 671267041.</p>

<p class="wp-block-paragraph">Pot presentar:</p>

<ul class="wp-block-list">
<li>una <strong>Queixa</strong> relativa al compliment dels requisits del RD 1112/2018 o</li>



<li>una&nbsp;<strong>Solicitud de Información accesible&nbsp;</strong>relativa a:
<ul class="wp-block-list">
<li>o <strong>continguts</strong> que estan <strong>exclosos</strong> de l’<strong>àmbit d’aplicació</strong> del RD 1112/2018 segons el que estableix l’article 3, apartat 4</li>



<li>o <strong>continguts</strong> que estan <strong>exempts</strong> del <strong>compliment</strong> dels requisits d’accessibilitat per imposar una <strong>càrrega desproporcionada</strong>.</li>
</ul>
</li>
</ul>

<p class="wp-block-paragraph">Les comunicacions seran rebudes i tractades per PANOTS FASHION, S.L com a responsable dels continguts d’aquest lloc web.</p>

<h2 class="wp-block-heading">Procediment d&#8217;aplicació</h2>

<p class="wp-block-paragraph">A través d&#8217;aquest procediment podreu iniciar una reclamació per conèixer i oposar-vos als motius de la desestimació d&#8217;una sol·licitud d&#8217;informació accessible o queixa, instar a l&#8217;adopció de les mesures oportunes si no esteu d&#8217;acord amb la decisió presa, o exposar les raons per les quals considereu que la resposta no compleix amb els requisits exigits.</p>

<h2 class="wp-block-heading">Contingut opcional</h2>

<p class="wp-block-paragraph">La versió actual d&#8217;aquest lloc web és de gener de 2023, i en aquella data es va fer la revisió del nivell d&#8217;accessibilitat vigent en aquell moment.</p>

<p class="wp-block-paragraph">A partir d&#8217;aquesta data, es faran revisions parcials diàries del contingut web nou o modificat, tant de les plantilles com de les pàgines i documents finals publicats, per garantir el compliment dels requisits d&#8217;accessibilitat de la Norma UNE-EN 301549:2019, tenint en compte les excepcions del Reial decret 1112/2018, del 7 de setembre.</p>

<p class="wp-block-paragraph">Entre d&#8217;altres, s&#8217;adopten les següents mesures per facilitar l&#8217;accessibilitat:</p>

<ul class="wp-block-list">
<li>Utilització de text alternatiu a les imatges</li>



<li>Els enllaços ofereixen detalls sobre la funció o destinació de l&#8217;hipervincle.</li>



<li>Ús dels estàndards del W3C: HTML5, CSS, DOM, SVG.</li>
</ul>

<p>La present declaració d’accessibilitat s’aplica al lloc web https://panots.es (els subdominis d’aquest lloc web tindran les seves pròpies declaracions d’accessibilitat). Situació de compliment Aquest lloc web és parcialment conforme amb el Reial decret 1112/2018, de 7 de setembre, a causa de la manca de conformitat dels aspectes que s’indiquen a continuació. Contingut no accessible El [&hellip;]</p>
