{"id":5319,"date":"2025-05-13T11:32:28","date_gmt":"2025-05-13T09:32:28","guid":{"rendered":"https:\/\/panots.es\/toni-khaki\/"},"modified":"2025-05-13T11:32:28","modified_gmt":"2025-05-13T09:32:28","slug":"toni-khaki","status":"publish","type":"product","link":"https:\/\/panots.es\/ca\/toni-khaki\/","title":{"rendered":"TONI KHAKI"},"content":{"rendered":"<p>Deixa que el teu estil parli amb la Toni, la sabatilla que combina disseny atemporal i funcionalitat urbana. L\u2019exterior est\u00e0 confeccionat en serra bovina de primera qualitat, combinat amb teixit t\u00e8cnic que en refor\u00e7a la durabilitat i l\u2019acabat. El coll encoixinat i l\u2019estabilitzador al tal\u00f3 asseguren una trepitjada c\u00f2moda i ferma, mentre que la sola de goma lleugera ofereix adher\u00e8ncia i flexibilitat. Una silueta pensada per a qui camina amb intenci\u00f3 \u2014 i amb estil.<\/p>\n<p>Tancament: Cordons<br \/>\nSola: Goma lleugera<br \/>\nPlantilla: <em>Memory foam<\/em> extra\u00efble<br \/>\nFolre: Teixit<br \/>\nTall: Serra bovina i teixit<\/p>\n","protected":false},"excerpt":{"rendered":"<p>Deixa que el teu estil parli amb la Toni, la sabatilla que combina disseny atemporal i funcionalitat urbana. L\u2019exterior est\u00e0 confeccionat en serra bovina de primera qualitat, combinat amb teixit t\u00e8cnic que en refor\u00e7a la durabilitat i l\u2019acabat. El coll encoixinat i l\u2019estabilitzador al tal\u00f3 asseguren una trepitjada c\u00f2moda i ferma, mentre que la sola [&hellip;]<\/p>\n","protected":false},"featured_media":5325,"comment_status":"closed","ping_status":"closed","template":"","meta":{"_acf_changed":false},"product_brand":[],"product_cat":[187,185,189,191],"product_tag":[],"class_list":["post-5319","product","type-product","status-publish","has-post-thumbnail","product_cat-casual-home","product_cat-colleccions","product_cat-lifestyle-home","product_cat-sport-style-home","pa_otros-calcat-casual","pa_otros-comoditat","pa_otros-disseny-urba","pa_otros-durabilitat","pa_otros-estil-retro","pa_otros-folre-textil","pa_otros-goma-dalta-qualitat","pa_otros-memory-foam","pa_otros-plantilla-extraible","pa_otros-serra-de-vedell","pa_otros-sola-lleugera","pa_otros-versatilitat","first","outofstock","product-type-variable"],"acf":[],"_links":{"self":[{"href":"https:\/\/panots.es\/ca\/wp-json\/wp\/v2\/product\/5319","targetHints":{"allow":["GET"]}}],"collection":[{"href":"https:\/\/panots.es\/ca\/wp-json\/wp\/v2\/product"}],"about":[{"href":"https:\/\/panots.es\/ca\/wp-json\/wp\/v2\/types\/product"}],"replies":[{"embeddable":true,"href":"https:\/\/panots.es\/ca\/wp-json\/wp\/v2\/comments?post=5319"}],"wp:featuredmedia":[{"embeddable":true,"href":"https:\/\/panots.es\/ca\/wp-json\/wp\/v2\/media\/5325"}],"wp:attachment":[{"href":"https:\/\/panots.es\/ca\/wp-json\/wp\/v2\/media?parent=5319"}],"wp:term":[{"taxonomy":"product_brand","embeddable":true,"href":"https:\/\/panots.es\/ca\/wp-json\/wp\/v2\/product_brand?post=5319"},{"taxonomy":"product_cat","embeddable":true,"href":"https:\/\/panots.es\/ca\/wp-json\/wp\/v2\/product_cat?post=5319"},{"taxonomy":"product_tag","embeddable":true,"href":"https:\/\/panots.es\/ca\/wp-json\/wp\/v2\/product_tag?post=5319"}],"curies":[{"name":"wp","href":"https:\/\/api.w.org\/{rel}","templated":true}]}}

<p>Deixa que el teu estil parli amb la Toni, la sabatilla que combina disseny atemporal i funcionalitat urbana. L’exterior està confeccionat en serra bovina de primera qualitat, combinat amb teixit tècnic que en reforça la durabilitat i l’acabat. El coll encoixinat i l’estabilitzador al taló asseguren una trepitjada còmoda i ferma, mentre que la sola de goma lleugera ofereix adherència i flexibilitat. Una silueta pensada per a qui camina amb intenció — i amb estil.</p>
<p>Tancament: Cordons<br />
Sola: Goma lleugera<br />
Plantilla: <em>Memory foam</em> extraïble<br />
Folre: Teixit<br />
Tall: Serra bovina i teixit</p>

<p>Deixa que el teu estil parli amb la Toni, la sabatilla que combina disseny atemporal i funcionalitat urbana. L’exterior està confeccionat en serra bovina de primera qualitat, combinat amb teixit tècnic que en reforça la durabilitat i l’acabat. El coll encoixinat i l’estabilitzador al taló asseguren una trepitjada còmoda i ferma, mentre que la sola [&hellip;]</p>
