{"id":5361,"date":"2025-05-13T11:32:36","date_gmt":"2025-05-13T09:32:36","guid":{"rendered":"https:\/\/panots.es\/zoel-navy\/"},"modified":"2025-05-13T11:32:36","modified_gmt":"2025-05-13T09:32:36","slug":"zoel-navy","status":"publish","type":"product","link":"https:\/\/panots.es\/ca\/zoel-navy\/","title":{"rendered":"ZOEL NAVY"},"content":{"rendered":"<p>Disseny urb\u00e0 amb ess\u00e8ncia funcional. La ZOEL Navy aposta per una silueta s\u00f2lida en serra bovina i teixit, combinant materials resistents amb detalls visuals que marquen la difer\u00e8ncia. El contrast dels cordons i el tal\u00f3 refor\u00e7at aporten estructura i estil, mentre que la sola de goma lleugera ofereix amortiment i adher\u00e8ncia constant. Una sabatilla pensada per a qui exigeix comoditat, versatilitat i pres\u00e8ncia a cada pas.<\/p>\n<p>Tancament: Cordons<br \/>\nSola: Goma lleugera amb refor\u00e7<br \/>\nPlantilla: <em>Memory foam<\/em> extra\u00efble<br \/>\nFolre: Teixit<br \/>\nTall: Serra bovina i teixit<\/p>\n","protected":false},"excerpt":{"rendered":"<p>Disseny urb\u00e0 amb ess\u00e8ncia funcional. La ZOEL Navy aposta per una silueta s\u00f2lida en serra bovina i teixit, combinant materials resistents amb detalls visuals que marquen la difer\u00e8ncia. El contrast dels cordons i el tal\u00f3 refor\u00e7at aporten estructura i estil, mentre que la sola de goma lleugera ofereix amortiment i adher\u00e8ncia constant. Una sabatilla pensada [&hellip;]<\/p>\n","protected":false},"featured_media":5370,"comment_status":"closed","ping_status":"closed","template":"","meta":{"_acf_changed":false},"product_brand":[],"product_cat":[188,185,189],"product_tag":[],"class_list":["post-5361","product","type-product","status-publish","has-post-thumbnail","product_cat-chunky-home","product_cat-colleccions","product_cat-lifestyle-home","pa_otros-calcat-versatil","pa_otros-comoditat","pa_otros-disseny-robust","pa_otros-estabilitat","pa_otros-estil-urba","pa_otros-folre-textil","pa_otros-goma-dalta-qualitat","pa_otros-memory-foam","pa_otros-plantilla-extraible","pa_otros-reforc-al-talo","pa_otros-serra-de-vedell","first","outofstock","product-type-variable"],"acf":[],"_links":{"self":[{"href":"https:\/\/panots.es\/ca\/wp-json\/wp\/v2\/product\/5361","targetHints":{"allow":["GET"]}}],"collection":[{"href":"https:\/\/panots.es\/ca\/wp-json\/wp\/v2\/product"}],"about":[{"href":"https:\/\/panots.es\/ca\/wp-json\/wp\/v2\/types\/product"}],"replies":[{"embeddable":true,"href":"https:\/\/panots.es\/ca\/wp-json\/wp\/v2\/comments?post=5361"}],"wp:featuredmedia":[{"embeddable":true,"href":"https:\/\/panots.es\/ca\/wp-json\/wp\/v2\/media\/5370"}],"wp:attachment":[{"href":"https:\/\/panots.es\/ca\/wp-json\/wp\/v2\/media?parent=5361"}],"wp:term":[{"taxonomy":"product_brand","embeddable":true,"href":"https:\/\/panots.es\/ca\/wp-json\/wp\/v2\/product_brand?post=5361"},{"taxonomy":"product_cat","embeddable":true,"href":"https:\/\/panots.es\/ca\/wp-json\/wp\/v2\/product_cat?post=5361"},{"taxonomy":"product_tag","embeddable":true,"href":"https:\/\/panots.es\/ca\/wp-json\/wp\/v2\/product_tag?post=5361"}],"curies":[{"name":"wp","href":"https:\/\/api.w.org\/{rel}","templated":true}]}}

<p>Disseny urbà amb essència funcional. La ZOEL Navy aposta per una silueta sòlida en serra bovina i teixit, combinant materials resistents amb detalls visuals que marquen la diferència. El contrast dels cordons i el taló reforçat aporten estructura i estil, mentre que la sola de goma lleugera ofereix amortiment i adherència constant. Una sabatilla pensada per a qui exigeix comoditat, versatilitat i presència a cada pas.</p>
<p>Tancament: Cordons<br />
Sola: Goma lleugera amb reforç<br />
Plantilla: <em>Memory foam</em> extraïble<br />
Folre: Teixit<br />
Tall: Serra bovina i teixit</p>

<p>Disseny urbà amb essència funcional. La ZOEL Navy aposta per una silueta sòlida en serra bovina i teixit, combinant materials resistents amb detalls visuals que marquen la diferència. El contrast dels cordons i el taló reforçat aporten estructura i estil, mentre que la sola de goma lleugera ofereix amortiment i adherència constant. Una sabatilla pensada [&hellip;]</p>
