{"id":5378,"date":"2025-05-13T11:32:44","date_gmt":"2025-05-13T09:32:44","guid":{"rendered":"https:\/\/panots.es\/zoel-black\/"},"modified":"2025-05-13T11:32:44","modified_gmt":"2025-05-13T09:32:44","slug":"zoel-black","status":"publish","type":"product","link":"https:\/\/panots.es\/ca\/zoel-black\/","title":{"rendered":"ZOEL BLACK"},"content":{"rendered":"<p>Estil net, actitud ferma. La ZOEL Black destaca pel seu disseny monocrom\u00e0tic i la seva construcci\u00f3 robusta en serra bovina i teixit. La combinaci\u00f3 de materials aporta textura i profunditat sense perdre sobrietat. La sola lleugera de goma amb refor\u00e7 garanteix tracci\u00f3 i comoditat, mentre que el tal\u00f3 estabilitzat i la plantilla <em>memory foam<\/em> extra\u00efble acompanyen cada pas amb suport i suavitat. Una opci\u00f3 vers\u00e0til per a looks urbans amb car\u00e0cter.<\/p>\n<p>Tancament: Cordons<br \/> <br \/>\nSola: Goma lleugera amb refor\u00e7<br \/> <br \/>\nPlantilla: <em>Memory foam<\/em> extra\u00efble<br \/> <br \/>\nFolre: Teixit<br \/> <br \/>\nTall: Serra bovina i teixit<\/p>\n","protected":false},"excerpt":{"rendered":"<p>Estil net, actitud ferma. La ZOEL Black destaca pel seu disseny monocrom\u00e0tic i la seva construcci\u00f3 robusta en serra bovina i teixit. La combinaci\u00f3 de materials aporta textura i profunditat sense perdre sobrietat. La sola lleugera de goma amb refor\u00e7 garanteix tracci\u00f3 i comoditat, mentre que el tal\u00f3 estabilitzat i la plantilla memory foam extra\u00efble [&hellip;]<\/p>\n","protected":false},"featured_media":5379,"comment_status":"closed","ping_status":"closed","template":"","meta":{"_acf_changed":false},"product_brand":[],"product_cat":[188,185,189],"product_tag":[],"class_list":["post-5378","product","type-product","status-publish","has-post-thumbnail","product_cat-chunky-home","product_cat-colleccions","product_cat-lifestyle-home","pa_otros-calcat-versatil","pa_otros-comoditat","pa_otros-disseny-robust","pa_otros-estabilitat","pa_otros-estil-urba","pa_otros-folre-textil","pa_otros-goma-dalta-qualitat","pa_otros-memory-foam","pa_otros-plantilla-extraible","pa_otros-reforc-al-talo","pa_otros-serra-de-vedell","first","outofstock","product-type-variable"],"acf":[],"_links":{"self":[{"href":"https:\/\/panots.es\/ca\/wp-json\/wp\/v2\/product\/5378","targetHints":{"allow":["GET"]}}],"collection":[{"href":"https:\/\/panots.es\/ca\/wp-json\/wp\/v2\/product"}],"about":[{"href":"https:\/\/panots.es\/ca\/wp-json\/wp\/v2\/types\/product"}],"replies":[{"embeddable":true,"href":"https:\/\/panots.es\/ca\/wp-json\/wp\/v2\/comments?post=5378"}],"wp:featuredmedia":[{"embeddable":true,"href":"https:\/\/panots.es\/ca\/wp-json\/wp\/v2\/media\/5379"}],"wp:attachment":[{"href":"https:\/\/panots.es\/ca\/wp-json\/wp\/v2\/media?parent=5378"}],"wp:term":[{"taxonomy":"product_brand","embeddable":true,"href":"https:\/\/panots.es\/ca\/wp-json\/wp\/v2\/product_brand?post=5378"},{"taxonomy":"product_cat","embeddable":true,"href":"https:\/\/panots.es\/ca\/wp-json\/wp\/v2\/product_cat?post=5378"},{"taxonomy":"product_tag","embeddable":true,"href":"https:\/\/panots.es\/ca\/wp-json\/wp\/v2\/product_tag?post=5378"}],"curies":[{"name":"wp","href":"https:\/\/api.w.org\/{rel}","templated":true}]}}

<p>Estil net, actitud ferma. La ZOEL Black destaca pel seu disseny monocromàtic i la seva construcció robusta en serra bovina i teixit. La combinació de materials aporta textura i profunditat sense perdre sobrietat. La sola lleugera de goma amb reforç garanteix tracció i comoditat, mentre que el taló estabilitzat i la plantilla <em>memory foam</em> extraïble acompanyen cada pas amb suport i suavitat. Una opció versàtil per a looks urbans amb caràcter.</p>
<p>Tancament: Cordons<br /> <br />
Sola: Goma lleugera amb reforç<br /> <br />
Plantilla: <em>Memory foam</em> extraïble<br /> <br />
Folre: Teixit<br /> <br />
Tall: Serra bovina i teixit</p>

<p>Estil net, actitud ferma. La ZOEL Black destaca pel seu disseny monocromàtic i la seva construcció robusta en serra bovina i teixit. La combinació de materials aporta textura i profunditat sense perdre sobrietat. La sola lleugera de goma amb reforç garanteix tracció i comoditat, mentre que el taló estabilitzat i la plantilla memory foam extraïble [&hellip;]</p>
