{"id":5408,"date":"2025-05-13T11:32:44","date_gmt":"2025-05-13T09:32:44","guid":{"rendered":"https:\/\/panots.es\/barceloneta-navy\/"},"modified":"2025-05-13T11:32:44","modified_gmt":"2025-05-13T09:32:44","slug":"barceloneta-navy","status":"publish","type":"product","link":"https:\/\/panots.es\/ca\/barceloneta-navy\/","title":{"rendered":"BARCELONETA NAVY"},"content":{"rendered":"<p>Amb inspiraci\u00f3 costanera i esperit urb\u00e0, la Barceloneta Navy destaca per la seva barreja de colors vibrants i acabats acuradament seleccionats. El tall en serra bovina i teixit combina tons blau mar\u00ed, gris clar, mostassa i un toc de vermell al tal\u00f3, aportant contrast i dinamisme. El cord\u00f3 bicolor refor\u00e7a el seu car\u00e0cter distintiu, mentre que la sola lleugera i la plantilla <em>memory foam<\/em> extra\u00efble garanteixen confort a cada pas. Un disseny amb ess\u00e8ncia mediterr\u00e0nia i actitud vers\u00e0til.<\/p>\n<p>Tancament: Cordons bicolor<br \/> <br \/>\nSola: Goma lleugera<br \/> <br \/>\nPlantilla: <em>Memory foam<\/em> extra\u00efble<br \/> <br \/>\nFolre: Teixit<br \/> <br \/>\nTall: Serra bovina i teixit<\/p>\n","protected":false},"excerpt":{"rendered":"<p>Amb inspiraci\u00f3 costanera i esperit urb\u00e0, la Barceloneta Navy destaca per la seva barreja de colors vibrants i acabats acuradament seleccionats. El tall en serra bovina i teixit combina tons blau mar\u00ed, gris clar, mostassa i un toc de vermell al tal\u00f3, aportant contrast i dinamisme. El cord\u00f3 bicolor refor\u00e7a el seu car\u00e0cter distintiu, mentre [&hellip;]<\/p>\n","protected":false},"featured_media":5413,"comment_status":"closed","ping_status":"closed","template":"","meta":{"_acf_changed":false},"product_brand":[],"product_cat":[187,185,189,191],"product_tag":[],"class_list":["post-5408","product","type-product","status-publish","has-post-thumbnail","product_cat-casual-home","product_cat-colleccions","product_cat-lifestyle-home","product_cat-sport-style-home","pa_otros-calcat-casual","pa_otros-combinacio-de-colors","pa_otros-comoditat","pa_otros-contrast-de-materials","pa_otros-disseny-urba","pa_otros-estil-mediterrani","pa_otros-folre-textil","pa_otros-plantilla-extraible","pa_otros-plantilla-memory-foam","pa_otros-serra-de-vedell","pa_otros-sola-lleugera","pa_otros-toc-de-color","first","outofstock","product-type-variable"],"acf":[],"_links":{"self":[{"href":"https:\/\/panots.es\/ca\/wp-json\/wp\/v2\/product\/5408","targetHints":{"allow":["GET"]}}],"collection":[{"href":"https:\/\/panots.es\/ca\/wp-json\/wp\/v2\/product"}],"about":[{"href":"https:\/\/panots.es\/ca\/wp-json\/wp\/v2\/types\/product"}],"replies":[{"embeddable":true,"href":"https:\/\/panots.es\/ca\/wp-json\/wp\/v2\/comments?post=5408"}],"wp:featuredmedia":[{"embeddable":true,"href":"https:\/\/panots.es\/ca\/wp-json\/wp\/v2\/media\/5413"}],"wp:attachment":[{"href":"https:\/\/panots.es\/ca\/wp-json\/wp\/v2\/media?parent=5408"}],"wp:term":[{"taxonomy":"product_brand","embeddable":true,"href":"https:\/\/panots.es\/ca\/wp-json\/wp\/v2\/product_brand?post=5408"},{"taxonomy":"product_cat","embeddable":true,"href":"https:\/\/panots.es\/ca\/wp-json\/wp\/v2\/product_cat?post=5408"},{"taxonomy":"product_tag","embeddable":true,"href":"https:\/\/panots.es\/ca\/wp-json\/wp\/v2\/product_tag?post=5408"}],"curies":[{"name":"wp","href":"https:\/\/api.w.org\/{rel}","templated":true}]}}

<p>Amb inspiració costanera i esperit urbà, la Barceloneta Navy destaca per la seva barreja de colors vibrants i acabats acuradament seleccionats. El tall en serra bovina i teixit combina tons blau marí, gris clar, mostassa i un toc de vermell al taló, aportant contrast i dinamisme. El cordó bicolor reforça el seu caràcter distintiu, mentre que la sola lleugera i la plantilla <em>memory foam</em> extraïble garanteixen confort a cada pas. Un disseny amb essència mediterrània i actitud versàtil.</p>
<p>Tancament: Cordons bicolor<br /> <br />
Sola: Goma lleugera<br /> <br />
Plantilla: <em>Memory foam</em> extraïble<br /> <br />
Folre: Teixit<br /> <br />
Tall: Serra bovina i teixit</p>

<p>Amb inspiració costanera i esperit urbà, la Barceloneta Navy destaca per la seva barreja de colors vibrants i acabats acuradament seleccionats. El tall en serra bovina i teixit combina tons blau marí, gris clar, mostassa i un toc de vermell al taló, aportant contrast i dinamisme. El cordó bicolor reforça el seu caràcter distintiu, mentre [&hellip;]</p>
