{"id":5421,"date":"2025-05-13T11:32:51","date_gmt":"2025-05-13T09:32:51","guid":{"rendered":"https:\/\/panots.es\/raval-navy\/"},"modified":"2025-05-13T11:32:51","modified_gmt":"2025-05-13T09:32:51","slug":"raval-navy","status":"publish","type":"product","link":"https:\/\/panots.es\/ca\/raval-navy\/","title":{"rendered":"RAVAL NAVY"},"content":{"rendered":"<p>La Raval Navy no \u00e9s nom\u00e9s una sabatilla, \u00e9s una declaraci\u00f3 de pres\u00e8ncia. La seva silueta contundent contrasta amb una comoditat que sorpr\u00e8n des del primer pas. El joc de blaus profunds en serra bovina i teixit, juntament amb els detalls en cuir marr\u00f3, projecta for\u00e7a amb equilibri i eleg\u00e0ncia. La sola amb relleu aporta tracci\u00f3 i estil, mentre que la plantilla <em>memory foam<\/em> extra\u00efble i l\u2019interior encoixinat embolcallen el peu amb una sensaci\u00f3 de confort absolut. Feta per a qui trepitja fort, sense renunciar al disseny.<\/p>\n<p>Tancament: Cordons<br \/> <br \/>\nSola: Goma amb relleu de tracci\u00f3<br \/> <br \/>\nPlantilla: <em>Memory foam<\/em> extra\u00efble<br \/> <br \/>\nFolre: Teixit<br \/> <br \/>\nTall: Serra bovina i teixit<\/p>\n","protected":false},"excerpt":{"rendered":"<p>La Raval Navy no \u00e9s nom\u00e9s una sabatilla, \u00e9s una declaraci\u00f3 de pres\u00e8ncia. La seva silueta contundent contrasta amb una comoditat que sorpr\u00e8n des del primer pas. El joc de blaus profunds en serra bovina i teixit, juntament amb els detalls en cuir marr\u00f3, projecta for\u00e7a amb equilibri i eleg\u00e0ncia. La sola amb relleu aporta [&hellip;]<\/p>\n","protected":false},"featured_media":5425,"comment_status":"closed","ping_status":"closed","template":"","meta":{"_acf_changed":false},"product_brand":[],"product_cat":[311],"product_tag":[],"class_list":["post-5421","product","type-product","status-publish","has-post-thumbnail","product_cat-new-in","pa_otros-calcat-versatil","pa_otros-comoditat","pa_otros-contrast-de-colors","pa_otros-detall-al-talo","pa_otros-disseny-robust","pa_otros-estil-urba","pa_otros-folre-textil","pa_otros-plantilla-extraible","pa_otros-plantilla-memory-foam","pa_otros-serra-de-vedell","pa_otros-sola-amb-relleu","pa_otros-traccio","first","outofstock","sale","purchasable","product-type-variable"],"acf":[],"_links":{"self":[{"href":"https:\/\/panots.es\/ca\/wp-json\/wp\/v2\/product\/5421","targetHints":{"allow":["GET"]}}],"collection":[{"href":"https:\/\/panots.es\/ca\/wp-json\/wp\/v2\/product"}],"about":[{"href":"https:\/\/panots.es\/ca\/wp-json\/wp\/v2\/types\/product"}],"replies":[{"embeddable":true,"href":"https:\/\/panots.es\/ca\/wp-json\/wp\/v2\/comments?post=5421"}],"wp:featuredmedia":[{"embeddable":true,"href":"https:\/\/panots.es\/ca\/wp-json\/wp\/v2\/media\/5425"}],"wp:attachment":[{"href":"https:\/\/panots.es\/ca\/wp-json\/wp\/v2\/media?parent=5421"}],"wp:term":[{"taxonomy":"product_brand","embeddable":true,"href":"https:\/\/panots.es\/ca\/wp-json\/wp\/v2\/product_brand?post=5421"},{"taxonomy":"product_cat","embeddable":true,"href":"https:\/\/panots.es\/ca\/wp-json\/wp\/v2\/product_cat?post=5421"},{"taxonomy":"product_tag","embeddable":true,"href":"https:\/\/panots.es\/ca\/wp-json\/wp\/v2\/product_tag?post=5421"}],"curies":[{"name":"wp","href":"https:\/\/api.w.org\/{rel}","templated":true}]}}

<p>La Raval Navy no és només una sabatilla, és una declaració de presència. La seva silueta contundent contrasta amb una comoditat que sorprèn des del primer pas. El joc de blaus profunds en serra bovina i teixit, juntament amb els detalls en cuir marró, projecta força amb equilibri i elegància. La sola amb relleu aporta tracció i estil, mentre que la plantilla <em>memory foam</em> extraïble i l’interior encoixinat embolcallen el peu amb una sensació de confort absolut. Feta per a qui trepitja fort, sense renunciar al disseny.</p>
<p>Tancament: Cordons<br /> <br />
Sola: Goma amb relleu de tracció<br /> <br />
Plantilla: <em>Memory foam</em> extraïble<br /> <br />
Folre: Teixit<br /> <br />
Tall: Serra bovina i teixit</p>

<p>La Raval Navy no és només una sabatilla, és una declaració de presència. La seva silueta contundent contrasta amb una comoditat que sorprèn des del primer pas. El joc de blaus profunds en serra bovina i teixit, juntament amb els detalls en cuir marró, projecta força amb equilibri i elegància. La sola amb relleu aporta [&hellip;]</p>
