{"id":5433,"date":"2025-05-13T11:32:51","date_gmt":"2025-05-13T09:32:51","guid":{"rendered":"https:\/\/panots.es\/raval-grey\/"},"modified":"2025-05-13T11:32:51","modified_gmt":"2025-05-13T09:32:51","slug":"raval-grey","status":"publish","type":"product","link":"https:\/\/panots.es\/ca\/raval-grey\/","title":{"rendered":"RAVAL GREY"},"content":{"rendered":"<p>Hi ha estils que no es poden explicar, nom\u00e9s sentir. La Raval Grey ofereix una experi\u00e8ncia que va m\u00e9s enll\u00e0 del visual: robusta en la seva estructura i sorprenentment delicada en caminar. La combinaci\u00f3 de serra bovina gris clar, teixit blau mar\u00ed i un toc de corall suau a l\u2019interior crea un equilibri perfecte entre sobrietat i frescor. La sola dentada aporta fermesa i car\u00e0cter, mentre que la plantilla <em>memory foam<\/em> extra\u00efble i l\u2019interior encoixinat eleven el confort a un altre nivell. Una sabatilla que es porta amb actitud i es recorda per la seva comoditat.<\/p>\n<p>Tancament: Cordons<br \/> <br \/>\nSola: Goma dentada<br \/> <br \/>\nPlantilla: <em>Memory foam<\/em> extra\u00efble<br \/> <br \/>\nFolre: Teixit<br \/> <br \/>\nTall: Serra bovina i teixit<\/p>\n","protected":false},"excerpt":{"rendered":"<p>Hi ha estils que no es poden explicar, nom\u00e9s sentir. La Raval Grey ofereix una experi\u00e8ncia que va m\u00e9s enll\u00e0 del visual: robusta en la seva estructura i sorprenentment delicada en caminar. La combinaci\u00f3 de serra bovina gris clar, teixit blau mar\u00ed i un toc de corall suau a l\u2019interior crea un equilibri perfecte entre [&hellip;]<\/p>\n","protected":false},"featured_media":5434,"comment_status":"closed","ping_status":"closed","template":"","meta":{"_acf_changed":false},"product_brand":[],"product_cat":[187,188,185,189,197],"product_tag":[],"class_list":["post-5433","product","type-product","status-publish","has-post-thumbnail","product_cat-casual-home","product_cat-chunky-home","product_cat-colleccions","product_cat-lifestyle-home","product_cat-outlet","pa_otros-calcat-versatil","pa_otros-comoditat","pa_otros-contrast-de-colors","pa_otros-detall-al-talo","pa_otros-disseny-robust","pa_otros-estil-urba","pa_otros-folre-textil","pa_otros-plantilla-extraible","pa_otros-plantilla-memory-foam","pa_otros-serra-de-vedell","pa_otros-sola-amb-relleu","pa_otros-traccio","first","outofstock","purchasable","product-type-variable"],"acf":[],"_links":{"self":[{"href":"https:\/\/panots.es\/ca\/wp-json\/wp\/v2\/product\/5433","targetHints":{"allow":["GET"]}}],"collection":[{"href":"https:\/\/panots.es\/ca\/wp-json\/wp\/v2\/product"}],"about":[{"href":"https:\/\/panots.es\/ca\/wp-json\/wp\/v2\/types\/product"}],"replies":[{"embeddable":true,"href":"https:\/\/panots.es\/ca\/wp-json\/wp\/v2\/comments?post=5433"}],"wp:featuredmedia":[{"embeddable":true,"href":"https:\/\/panots.es\/ca\/wp-json\/wp\/v2\/media\/5434"}],"wp:attachment":[{"href":"https:\/\/panots.es\/ca\/wp-json\/wp\/v2\/media?parent=5433"}],"wp:term":[{"taxonomy":"product_brand","embeddable":true,"href":"https:\/\/panots.es\/ca\/wp-json\/wp\/v2\/product_brand?post=5433"},{"taxonomy":"product_cat","embeddable":true,"href":"https:\/\/panots.es\/ca\/wp-json\/wp\/v2\/product_cat?post=5433"},{"taxonomy":"product_tag","embeddable":true,"href":"https:\/\/panots.es\/ca\/wp-json\/wp\/v2\/product_tag?post=5433"}],"curies":[{"name":"wp","href":"https:\/\/api.w.org\/{rel}","templated":true}]}}

<p>Hi ha estils que no es poden explicar, només sentir. La Raval Grey ofereix una experiència que va més enllà del visual: robusta en la seva estructura i sorprenentment delicada en caminar. La combinació de serra bovina gris clar, teixit blau marí i un toc de corall suau a l’interior crea un equilibri perfecte entre sobrietat i frescor. La sola dentada aporta fermesa i caràcter, mentre que la plantilla <em>memory foam</em> extraïble i l’interior encoixinat eleven el confort a un altre nivell. Una sabatilla que es porta amb actitud i es recorda per la seva comoditat.</p>
<p>Tancament: Cordons<br /> <br />
Sola: Goma dentada<br /> <br />
Plantilla: <em>Memory foam</em> extraïble<br /> <br />
Folre: Teixit<br /> <br />
Tall: Serra bovina i teixit</p>

<p>Hi ha estils que no es poden explicar, només sentir. La Raval Grey ofereix una experiència que va més enllà del visual: robusta en la seva estructura i sorprenentment delicada en caminar. La combinació de serra bovina gris clar, teixit blau marí i un toc de corall suau a l’interior crea un equilibri perfecte entre [&hellip;]</p>
