{"id":5527,"date":"2025-05-13T11:32:58","date_gmt":"2025-05-13T09:32:58","guid":{"rendered":"https:\/\/panots.es\/tuset-navy\/"},"modified":"2025-05-13T11:32:58","modified_gmt":"2025-05-13T09:32:58","slug":"tuset-navy","status":"publish","type":"product","link":"https:\/\/panots.es\/ca\/tuset-navy\/","title":{"rendered":"TUSET NAVY"},"content":{"rendered":"<p>Inspirada en l\u2019energia creativa del carrer Tuset, aquest model ret homenatge a l\u2019eleg\u00e0ncia urbana amb \u00e0nima jove. La TUSET Navy combina diversos tons de blau amb detalls en blanc i rosa past\u00eds, que aporten frescor i equilibri.<br \/> <br \/>\nEl tall combina serra bovina, teixit i detalls sint\u00e8tics. La sola \u00e9s de goma lleugera amb relleu, i la plantilla <em>memory foam<\/em> extra\u00efble garanteix confort durant tot el dia. Perfecta per destacar amb estil i lleugeresa.<\/p>\n<p>Tancament: Cordons<br \/> <br \/>\nSola: Goma lleugera amb relleu<br \/> <br \/>\nPlantilla: <em>Memory foam<\/em> extra\u00efble<br \/> <br \/>\nFolre: Teixit<br \/> <br \/>\nTall: Serra bovina, teixit i sint\u00e8tic<\/p>\n","protected":false},"excerpt":{"rendered":"<p>Inspirada en l\u2019energia creativa del carrer Tuset, aquest model ret homenatge a l\u2019eleg\u00e0ncia urbana amb \u00e0nima jove. La TUSET Navy combina diversos tons de blau amb detalls en blanc i rosa past\u00eds, que aporten frescor i equilibri. El tall combina serra bovina, teixit i detalls sint\u00e8tics. La sola \u00e9s de goma lleugera amb relleu, i [&hellip;]<\/p>\n","protected":false},"featured_media":5528,"comment_status":"closed","ping_status":"closed","template":"","meta":{"_acf_changed":false},"product_brand":[],"product_cat":[192,311],"product_tag":[],"class_list":["post-5527","product","type-product","status-publish","has-post-thumbnail","product_cat-dona","product_cat-new-in","pa_otros-calcat-versatil","pa_otros-comoditat","pa_otros-contrast-de-colors","pa_otros-disseny-atemporal","pa_otros-disseny-femeni","pa_otros-estil-urba","pa_otros-folre-textil","pa_otros-inspiracio-barcelona","pa_otros-plantilla-extraible","pa_otros-plantilla-memory-foam","pa_otros-serra-de-vedell","pa_otros-sola-lleugera","pa_otros-tuset","first","instock","sale","purchasable","product-type-variable"],"acf":[],"_links":{"self":[{"href":"https:\/\/panots.es\/ca\/wp-json\/wp\/v2\/product\/5527","targetHints":{"allow":["GET"]}}],"collection":[{"href":"https:\/\/panots.es\/ca\/wp-json\/wp\/v2\/product"}],"about":[{"href":"https:\/\/panots.es\/ca\/wp-json\/wp\/v2\/types\/product"}],"replies":[{"embeddable":true,"href":"https:\/\/panots.es\/ca\/wp-json\/wp\/v2\/comments?post=5527"}],"wp:featuredmedia":[{"embeddable":true,"href":"https:\/\/panots.es\/ca\/wp-json\/wp\/v2\/media\/5528"}],"wp:attachment":[{"href":"https:\/\/panots.es\/ca\/wp-json\/wp\/v2\/media?parent=5527"}],"wp:term":[{"taxonomy":"product_brand","embeddable":true,"href":"https:\/\/panots.es\/ca\/wp-json\/wp\/v2\/product_brand?post=5527"},{"taxonomy":"product_cat","embeddable":true,"href":"https:\/\/panots.es\/ca\/wp-json\/wp\/v2\/product_cat?post=5527"},{"taxonomy":"product_tag","embeddable":true,"href":"https:\/\/panots.es\/ca\/wp-json\/wp\/v2\/product_tag?post=5527"}],"curies":[{"name":"wp","href":"https:\/\/api.w.org\/{rel}","templated":true}]}}

<p>Inspirada en l’energia creativa del carrer Tuset, aquest model ret homenatge a l’elegància urbana amb ànima jove. La TUSET Navy combina diversos tons de blau amb detalls en blanc i rosa pastís, que aporten frescor i equilibri.<br /> <br />
El tall combina serra bovina, teixit i detalls sintètics. La sola és de goma lleugera amb relleu, i la plantilla <em>memory foam</em> extraïble garanteix confort durant tot el dia. Perfecta per destacar amb estil i lleugeresa.</p>
<p>Tancament: Cordons<br /> <br />
Sola: Goma lleugera amb relleu<br /> <br />
Plantilla: <em>Memory foam</em> extraïble<br /> <br />
Folre: Teixit<br /> <br />
Tall: Serra bovina, teixit i sintètic</p>

<p>Inspirada en l’energia creativa del carrer Tuset, aquest model ret homenatge a l’elegància urbana amb ànima jove. La TUSET Navy combina diversos tons de blau amb detalls en blanc i rosa pastís, que aporten frescor i equilibri. El tall combina serra bovina, teixit i detalls sintètics. La sola és de goma lleugera amb relleu, i [&hellip;]</p>
