{"id":5565,"date":"2025-05-13T11:33:01","date_gmt":"2025-05-13T09:33:01","guid":{"rendered":"https:\/\/panots.es\/tuset-sunset\/"},"modified":"2025-05-13T11:33:01","modified_gmt":"2025-05-13T09:33:01","slug":"tuset-sunset","status":"publish","type":"product","link":"https:\/\/panots.es\/ca\/tuset-sunset\/","title":{"rendered":"TUSET SUNSET"},"content":{"rendered":"<p>Amb els tons c\u00e0lids del capvespre barcelon\u00ed, la TUSET Sunset transmet llum, suavitat i molta personalitat. La combinaci\u00f3 de blanc, lila i pr\u00e9ssec la converteix en una <em>sneaker<\/em> femenina, fresca i molt actual.<br \/> <br \/>\nLa seva construcci\u00f3 lleugera en serra bovina, teixit i material sint\u00e8tic se sustenta en una sola de goma amb relleu i una plantilla <em>memory foam<\/em> extra\u00efble que maximitza la comoditat.<\/p>\n<p>Tancament: Cordons<br \/> <br \/>\nSola: Goma lleugera amb relleu<br \/> <br \/>\nPlantilla: <em>Memory foam<\/em> extra\u00efble<br \/> <br \/>\nFolre: Teixit<br \/> <br \/>\nTall: Serra bovina, teixit i sint\u00e8tic<\/p>\n","protected":false},"excerpt":{"rendered":"<p>Amb els tons c\u00e0lids del capvespre barcelon\u00ed, la TUSET Sunset transmet llum, suavitat i molta personalitat. La combinaci\u00f3 de blanc, lila i pr\u00e9ssec la converteix en una sneaker femenina, fresca i molt actual. La seva construcci\u00f3 lleugera en serra bovina, teixit i material sint\u00e8tic se sustenta en una sola de goma amb relleu i una [&hellip;]<\/p>\n","protected":false},"featured_media":5566,"comment_status":"closed","ping_status":"closed","template":"","meta":{"_acf_changed":false},"product_brand":[],"product_cat":[197,192,311],"product_tag":[],"class_list":["post-5565","product","type-product","status-publish","has-post-thumbnail","product_cat-outlet","product_cat-dona","product_cat-new-in","pa_otros-calcat-versatil","pa_otros-comoditat","pa_otros-contrast-de-colors","pa_otros-disseny-atemporal","pa_otros-disseny-femeni","pa_otros-estil-urba","pa_otros-folre-textil","pa_otros-inspiracio-barcelona","pa_otros-plantilla-extraible","pa_otros-plantilla-memory-foam","pa_otros-serra-de-vedell","pa_otros-sola-lleugera","pa_otros-tuset","first","instock","sale","purchasable","product-type-variable"],"acf":[],"_links":{"self":[{"href":"https:\/\/panots.es\/ca\/wp-json\/wp\/v2\/product\/5565","targetHints":{"allow":["GET"]}}],"collection":[{"href":"https:\/\/panots.es\/ca\/wp-json\/wp\/v2\/product"}],"about":[{"href":"https:\/\/panots.es\/ca\/wp-json\/wp\/v2\/types\/product"}],"replies":[{"embeddable":true,"href":"https:\/\/panots.es\/ca\/wp-json\/wp\/v2\/comments?post=5565"}],"wp:featuredmedia":[{"embeddable":true,"href":"https:\/\/panots.es\/ca\/wp-json\/wp\/v2\/media\/5566"}],"wp:attachment":[{"href":"https:\/\/panots.es\/ca\/wp-json\/wp\/v2\/media?parent=5565"}],"wp:term":[{"taxonomy":"product_brand","embeddable":true,"href":"https:\/\/panots.es\/ca\/wp-json\/wp\/v2\/product_brand?post=5565"},{"taxonomy":"product_cat","embeddable":true,"href":"https:\/\/panots.es\/ca\/wp-json\/wp\/v2\/product_cat?post=5565"},{"taxonomy":"product_tag","embeddable":true,"href":"https:\/\/panots.es\/ca\/wp-json\/wp\/v2\/product_tag?post=5565"}],"curies":[{"name":"wp","href":"https:\/\/api.w.org\/{rel}","templated":true}]}}

<p>Amb els tons càlids del capvespre barceloní, la TUSET Sunset transmet llum, suavitat i molta personalitat. La combinació de blanc, lila i préssec la converteix en una <em>sneaker</em> femenina, fresca i molt actual.<br /> <br />
La seva construcció lleugera en serra bovina, teixit i material sintètic se sustenta en una sola de goma amb relleu i una plantilla <em>memory foam</em> extraïble que maximitza la comoditat.</p>
<p>Tancament: Cordons<br /> <br />
Sola: Goma lleugera amb relleu<br /> <br />
Plantilla: <em>Memory foam</em> extraïble<br /> <br />
Folre: Teixit<br /> <br />
Tall: Serra bovina, teixit i sintètic</p>

<p>Amb els tons càlids del capvespre barceloní, la TUSET Sunset transmet llum, suavitat i molta personalitat. La combinació de blanc, lila i préssec la converteix en una sneaker femenina, fresca i molt actual. La seva construcció lleugera en serra bovina, teixit i material sintètic se sustenta en una sola de goma amb relleu i una [&hellip;]</p>
