{"id":5842,"date":"2025-08-06T08:04:46","date_gmt":"2025-08-06T06:04:46","guid":{"rendered":"https:\/\/panots.es\/pedrera-beige\/"},"modified":"2026-03-14T09:16:10","modified_gmt":"2026-03-14T08:16:10","slug":"pedrera-beige","status":"publish","type":"product","link":"https:\/\/panots.es\/ca\/pedrera-beige\/","title":{"rendered":"PEDRERA BEIGE"},"content":{"rendered":"<p class=\"p1\"><span class=\"s1\">Pedrera Beix<\/span><span class=\"s2\"> combina sobrietat, eleg\u00e0ncia i confort en un disseny atemporal. La seva paleta en tons beix el converteix en un model vers\u00e0til i equilibrat, ideal per a aquells que valoren la comoditat sense renunciar a l\u2019estil.<\/span><\/p>\n<p class=\"p1\"><span class=\"s2\">Inspirat en les formes org\u00e0niques i fluides de Gaud\u00ed, aquest model transmet harmonia i car\u00e0cter en cada detall. El tall est\u00e0 elaborat amb una fusi\u00f3 de serra bovina i teixit, que aporta resist\u00e8ncia i lleugeresa. El folre t\u00e8xtil ofereix transpirabilitat, mentre que la plantilla <em>memory foam<\/em> extra\u00efble proporciona una trepitjada suau i amortida. La sola de goma completa aquest disseny flexible i funcional, perfecte per al ritme urb\u00e0 del dia a dia.<\/span><\/p>\n<p class=\"p1\"><span class=\"s1\">Tancament:<\/span><span class=\"s2\"> Cordons<\/span><\/p>\n<p class=\"p1\"><span class=\"s1\">Sola:<\/span><span class=\"s2\"> Goma<\/span><\/p>\n<p class=\"p1\"><span class=\"s1\">Plantilla:<\/span><span class=\"s2\"> <em>Memory foam<\/em> extra\u00efble<\/span><\/p>\n<p class=\"p1\"><span class=\"s1\">Folre:<\/span><span class=\"s2\"> T\u00e8xtil<\/span><\/p>\n<p class=\"p1\"><span class=\"s1\">Tall:<\/span><span class=\"s2\"> Serra bovina i teixit<\/span><\/p>\n","protected":false},"excerpt":{"rendered":"<p>Pedrera Beix combina sobrietat, eleg\u00e0ncia i confort en un disseny atemporal. La seva paleta en tons beix el converteix en un model vers\u00e0til i equilibrat, ideal per a aquells que valoren la comoditat sense renunciar a l\u2019estil. Inspirat en les formes org\u00e0niques i fluides de Gaud\u00ed, aquest model transmet harmonia i car\u00e0cter en cada detall. [&hellip;]<\/p>\n","protected":false},"featured_media":5731,"comment_status":"closed","ping_status":"closed","template":"","meta":{"_acf_changed":false},"product_brand":[],"product_cat":[185,195,311],"product_tag":[],"class_list":["post-5842","product","type-product","status-publish","has-post-thumbnail","product_cat-colleccions","product_cat-minimal-dona","product_cat-new-in","pa_otros-alcada-sense-pes","pa_otros-amortiment","pa_otros-calcat-versatil","pa_otros-combinacio-de-colors","pa_otros-confort-diari","pa_otros-disseny-femeni","pa_otros-estil-urba","pa_otros-folre-textil","pa_otros-plantilla-extraible","pa_otros-plantilla-memory-foam","pa_otros-sabatilles-comodes","pa_otros-sola-lleugera","first","instock","sale","purchasable","product-type-variable"],"acf":[],"_links":{"self":[{"href":"https:\/\/panots.es\/ca\/wp-json\/wp\/v2\/product\/5842","targetHints":{"allow":["GET"]}}],"collection":[{"href":"https:\/\/panots.es\/ca\/wp-json\/wp\/v2\/product"}],"about":[{"href":"https:\/\/panots.es\/ca\/wp-json\/wp\/v2\/types\/product"}],"replies":[{"embeddable":true,"href":"https:\/\/panots.es\/ca\/wp-json\/wp\/v2\/comments?post=5842"}],"wp:featuredmedia":[{"embeddable":true,"href":"https:\/\/panots.es\/ca\/wp-json\/wp\/v2\/media\/5731"}],"wp:attachment":[{"href":"https:\/\/panots.es\/ca\/wp-json\/wp\/v2\/media?parent=5842"}],"wp:term":[{"taxonomy":"product_brand","embeddable":true,"href":"https:\/\/panots.es\/ca\/wp-json\/wp\/v2\/product_brand?post=5842"},{"taxonomy":"product_cat","embeddable":true,"href":"https:\/\/panots.es\/ca\/wp-json\/wp\/v2\/product_cat?post=5842"},{"taxonomy":"product_tag","embeddable":true,"href":"https:\/\/panots.es\/ca\/wp-json\/wp\/v2\/product_tag?post=5842"}],"curies":[{"name":"wp","href":"https:\/\/api.w.org\/{rel}","templated":true}]}}

<p class="p1"><span class="s1">Pedrera Beix</span><span class="s2"> combina sobrietat, elegància i confort en un disseny atemporal. La seva paleta en tons beix el converteix en un model versàtil i equilibrat, ideal per a aquells que valoren la comoditat sense renunciar a l’estil.</span></p>
<p class="p1"><span class="s2">Inspirat en les formes orgàniques i fluides de Gaudí, aquest model transmet harmonia i caràcter en cada detall. El tall està elaborat amb una fusió de serra bovina i teixit, que aporta resistència i lleugeresa. El folre tèxtil ofereix transpirabilitat, mentre que la plantilla <em>memory foam</em> extraïble proporciona una trepitjada suau i amortida. La sola de goma completa aquest disseny flexible i funcional, perfecte per al ritme urbà del dia a dia.</span></p>
<p class="p1"><span class="s1">Tancament:</span><span class="s2"> Cordons</span></p>
<p class="p1"><span class="s1">Sola:</span><span class="s2"> Goma</span></p>
<p class="p1"><span class="s1">Plantilla:</span><span class="s2"> <em>Memory foam</em> extraïble</span></p>
<p class="p1"><span class="s1">Folre:</span><span class="s2"> Tèxtil</span></p>
<p class="p1"><span class="s1">Tall:</span><span class="s2"> Serra bovina i teixit</span></p>

<p>Pedrera Beix combina sobrietat, elegància i confort en un disseny atemporal. La seva paleta en tons beix el converteix en un model versàtil i equilibrat, ideal per a aquells que valoren la comoditat sense renunciar a l’estil. Inspirat en les formes orgàniques i fluides de Gaudí, aquest model transmet harmonia i caràcter en cada detall. [&hellip;]</p>
