{"id":5849,"date":"2025-08-06T08:50:51","date_gmt":"2025-08-06T06:50:51","guid":{"rendered":"https:\/\/panots.es\/pedrera-silver\/"},"modified":"2026-03-21T20:33:26","modified_gmt":"2026-03-21T19:33:26","slug":"pedrera-silver","status":"publish","type":"product","link":"https:\/\/panots.es\/ca\/pedrera-silver\/","title":{"rendered":"PEDRERA SILVER"},"content":{"rendered":"<p class=\"p1\"><span class=\"s1\">Pedrera Silver<\/span><span class=\"s2\"> reinterpreta el nostre disseny m\u00e9s net i atemporal amb un enfocament m\u00e9s contemporani. La combinaci\u00f3 de tons grisos amb accents metal\u00b7litzats i detalls en bordeus el converteix en un model elegant, vers\u00e0til i amb un toc modern que no passa desapercebut.<\/span><\/p>\n<p class=\"p1\"><span class=\"s2\">El tall, confeccionat en serra bovina i teixit, equilibra suavitat, estructura i transpirabilitat. La plantilla <em>memory foam<\/em> extra\u00efble garanteix una trepitjada c\u00f2moda durant tot el dia, mentre que la sola de goma aporta lleugeresa i estabilitat. Un model dissenyat per a aquells que busquen estil i confort sense excessos.<\/span><\/p>\n<p class=\"p1\"><span class=\"s1\">Tancament:<\/span><span class=\"s2\"> Cordons<\/span><\/p>\n<p class=\"p1\"><span class=\"s1\">Sola:<\/span><span class=\"s2\"> Goma<\/span><\/p>\n<p class=\"p1\"><span class=\"s1\">Plantilla:<\/span><span class=\"s2\"> <em>Memory foam<\/em> extra\u00efble<\/span><\/p>\n<p class=\"p1\"><span class=\"s1\">Folre:<\/span><span class=\"s2\"> T\u00e8xtil<\/span><\/p>\n<p class=\"p1\"><span class=\"s1\">Tall:<\/span><span class=\"s2\"> Serra bovina i teixit<\/span><\/p>\n","protected":false},"excerpt":{"rendered":"<p>Pedrera Silver reinterpreta el nostre disseny m\u00e9s net i atemporal amb un enfocament m\u00e9s contemporani. La combinaci\u00f3 de tons grisos amb accents metal\u00b7litzats i detalls en bordeus el converteix en un model elegant, vers\u00e0til i amb un toc modern que no passa desapercebut. El tall, confeccionat en serra bovina i teixit, equilibra suavitat, estructura i [&hellip;]<\/p>\n","protected":false},"featured_media":5741,"comment_status":"closed","ping_status":"closed","template":"","meta":{"_acf_changed":false},"product_brand":[],"product_cat":[185,195,311],"product_tag":[],"class_list":["post-5849","product","type-product","status-publish","has-post-thumbnail","product_cat-colleccions","product_cat-minimal-dona","product_cat-new-in","pa_otros-alcada-sense-pes","pa_otros-amortiment","pa_otros-calcat-versatil","pa_otros-combinacio-de-colors","pa_otros-confort-diari","pa_otros-disseny-femeni","pa_otros-estil-urba","pa_otros-folre-textil","pa_otros-plantilla-extraible","pa_otros-plantilla-memory-foam","pa_otros-sabatilles-comodes","pa_otros-sola-lleugera","first","instock","sale","purchasable","product-type-variable"],"acf":[],"_links":{"self":[{"href":"https:\/\/panots.es\/ca\/wp-json\/wp\/v2\/product\/5849","targetHints":{"allow":["GET"]}}],"collection":[{"href":"https:\/\/panots.es\/ca\/wp-json\/wp\/v2\/product"}],"about":[{"href":"https:\/\/panots.es\/ca\/wp-json\/wp\/v2\/types\/product"}],"replies":[{"embeddable":true,"href":"https:\/\/panots.es\/ca\/wp-json\/wp\/v2\/comments?post=5849"}],"wp:featuredmedia":[{"embeddable":true,"href":"https:\/\/panots.es\/ca\/wp-json\/wp\/v2\/media\/5741"}],"wp:attachment":[{"href":"https:\/\/panots.es\/ca\/wp-json\/wp\/v2\/media?parent=5849"}],"wp:term":[{"taxonomy":"product_brand","embeddable":true,"href":"https:\/\/panots.es\/ca\/wp-json\/wp\/v2\/product_brand?post=5849"},{"taxonomy":"product_cat","embeddable":true,"href":"https:\/\/panots.es\/ca\/wp-json\/wp\/v2\/product_cat?post=5849"},{"taxonomy":"product_tag","embeddable":true,"href":"https:\/\/panots.es\/ca\/wp-json\/wp\/v2\/product_tag?post=5849"}],"curies":[{"name":"wp","href":"https:\/\/api.w.org\/{rel}","templated":true}]}}

<p class="p1"><span class="s1">Pedrera Silver</span><span class="s2"> reinterpreta el nostre disseny més net i atemporal amb un enfocament més contemporani. La combinació de tons grisos amb accents metal·litzats i detalls en bordeus el converteix en un model elegant, versàtil i amb un toc modern que no passa desapercebut.</span></p>
<p class="p1"><span class="s2">El tall, confeccionat en serra bovina i teixit, equilibra suavitat, estructura i transpirabilitat. La plantilla <em>memory foam</em> extraïble garanteix una trepitjada còmoda durant tot el dia, mentre que la sola de goma aporta lleugeresa i estabilitat. Un model dissenyat per a aquells que busquen estil i confort sense excessos.</span></p>
<p class="p1"><span class="s1">Tancament:</span><span class="s2"> Cordons</span></p>
<p class="p1"><span class="s1">Sola:</span><span class="s2"> Goma</span></p>
<p class="p1"><span class="s1">Plantilla:</span><span class="s2"> <em>Memory foam</em> extraïble</span></p>
<p class="p1"><span class="s1">Folre:</span><span class="s2"> Tèxtil</span></p>
<p class="p1"><span class="s1">Tall:</span><span class="s2"> Serra bovina i teixit</span></p>

<p>Pedrera Silver reinterpreta el nostre disseny més net i atemporal amb un enfocament més contemporani. La combinació de tons grisos amb accents metal·litzats i detalls en bordeus el converteix en un model elegant, versàtil i amb un toc modern que no passa desapercebut. El tall, confeccionat en serra bovina i teixit, equilibra suavitat, estructura i [&hellip;]</p>
