{"id":5856,"date":"2025-08-06T09:02:49","date_gmt":"2025-08-06T07:02:49","guid":{"rendered":"https:\/\/panots.es\/pedrera-gold\/"},"modified":"2026-02-19T23:46:35","modified_gmt":"2026-02-19T22:46:35","slug":"pedrera-gold","status":"publish","type":"product","link":"https:\/\/panots.es\/ca\/pedrera-gold\/","title":{"rendered":"PEDRERA GOLD"},"content":{"rendered":"<p class=\"p1\"><span class=\"s1\">Pedrera Gold<\/span><span class=\"s2\"> combina disseny atemporal i contrast elegant en una sabatilla vers\u00e0til que eleva qualsevol look. La seva combinaci\u00f3 de tons crema, negre i acabats daurats aporta car\u00e0cter, sofisticaci\u00f3 i estil urb\u00e0, ideal per a aquelles que busquen comoditat sense passar desapercebudes.<\/span><\/p>\n<p class=\"p1\"><span class=\"s2\">Confeccionat amb una combinaci\u00f3 de serra bovina i teixit, aquest model garanteix suavitat, durabilitat i transpirabilitat. La plantilla <em>memory foam<\/em> extra\u00efble proporciona una trepitjada suau i amortida, mentre que la sola de goma ofereix tracci\u00f3 i flexibilitat. Una sabatilla pensada per destacar sense renunciar al confort diari.<\/span><\/p>\n<p class=\"p1\"><span class=\"s1\">Tancament:<\/span><span class=\"s2\"> Cordons<\/span><\/p>\n<p class=\"p1\"><span class=\"s1\">Sola:<\/span><span class=\"s2\"> Goma<\/span><\/p>\n<p class=\"p1\"><span class=\"s1\">Plantilla:<\/span><span class=\"s2\"> <em>Memory foam<\/em> extra\u00efble<\/span><\/p>\n<p class=\"p1\"><span class=\"s1\">Folre:<\/span><span class=\"s2\"> T\u00e8xtil<\/span><\/p>\n<p class=\"p1\"><span class=\"s1\">Tall:<\/span><span class=\"s2\"> Serra bovina i teixit<\/span><\/p>\n","protected":false},"excerpt":{"rendered":"<p>Pedrera Gold combina disseny atemporal i contrast elegant en una sabatilla vers\u00e0til que eleva qualsevol look. La seva combinaci\u00f3 de tons crema, negre i acabats daurats aporta car\u00e0cter, sofisticaci\u00f3 i estil urb\u00e0, ideal per a aquelles que busquen comoditat sense passar desapercebudes. Confeccionat amb una combinaci\u00f3 de serra bovina i teixit, aquest model garanteix suavitat, [&hellip;]<\/p>\n","protected":false},"featured_media":5736,"comment_status":"closed","ping_status":"closed","template":"","meta":{"_acf_changed":false},"product_brand":[],"product_cat":[185,195,311],"product_tag":[],"class_list":["post-5856","product","type-product","status-publish","has-post-thumbnail","product_cat-colleccions","product_cat-minimal-dona","product_cat-new-in","pa_otros-alcada-sense-pes","pa_otros-amortiment","pa_otros-calcat-versatil","pa_otros-combinacio-de-colors","pa_otros-confort-diari","pa_otros-disseny-femeni","pa_otros-estil-urba","pa_otros-folre-textil","pa_otros-plantilla-extraible","pa_otros-plantilla-memory-foam","pa_otros-sabatilles-comodes","pa_otros-sola-lleugera","first","instock","sale","purchasable","product-type-variable"],"acf":[],"_links":{"self":[{"href":"https:\/\/panots.es\/ca\/wp-json\/wp\/v2\/product\/5856","targetHints":{"allow":["GET"]}}],"collection":[{"href":"https:\/\/panots.es\/ca\/wp-json\/wp\/v2\/product"}],"about":[{"href":"https:\/\/panots.es\/ca\/wp-json\/wp\/v2\/types\/product"}],"replies":[{"embeddable":true,"href":"https:\/\/panots.es\/ca\/wp-json\/wp\/v2\/comments?post=5856"}],"wp:featuredmedia":[{"embeddable":true,"href":"https:\/\/panots.es\/ca\/wp-json\/wp\/v2\/media\/5736"}],"wp:attachment":[{"href":"https:\/\/panots.es\/ca\/wp-json\/wp\/v2\/media?parent=5856"}],"wp:term":[{"taxonomy":"product_brand","embeddable":true,"href":"https:\/\/panots.es\/ca\/wp-json\/wp\/v2\/product_brand?post=5856"},{"taxonomy":"product_cat","embeddable":true,"href":"https:\/\/panots.es\/ca\/wp-json\/wp\/v2\/product_cat?post=5856"},{"taxonomy":"product_tag","embeddable":true,"href":"https:\/\/panots.es\/ca\/wp-json\/wp\/v2\/product_tag?post=5856"}],"curies":[{"name":"wp","href":"https:\/\/api.w.org\/{rel}","templated":true}]}}

<p class="p1"><span class="s1">Pedrera Gold</span><span class="s2"> combina disseny atemporal i contrast elegant en una sabatilla versàtil que eleva qualsevol look. La seva combinació de tons crema, negre i acabats daurats aporta caràcter, sofisticació i estil urbà, ideal per a aquelles que busquen comoditat sense passar desapercebudes.</span></p>
<p class="p1"><span class="s2">Confeccionat amb una combinació de serra bovina i teixit, aquest model garanteix suavitat, durabilitat i transpirabilitat. La plantilla <em>memory foam</em> extraïble proporciona una trepitjada suau i amortida, mentre que la sola de goma ofereix tracció i flexibilitat. Una sabatilla pensada per destacar sense renunciar al confort diari.</span></p>
<p class="p1"><span class="s1">Tancament:</span><span class="s2"> Cordons</span></p>
<p class="p1"><span class="s1">Sola:</span><span class="s2"> Goma</span></p>
<p class="p1"><span class="s1">Plantilla:</span><span class="s2"> <em>Memory foam</em> extraïble</span></p>
<p class="p1"><span class="s1">Folre:</span><span class="s2"> Tèxtil</span></p>
<p class="p1"><span class="s1">Tall:</span><span class="s2"> Serra bovina i teixit</span></p>

<p>Pedrera Gold combina disseny atemporal i contrast elegant en una sabatilla versàtil que eleva qualsevol look. La seva combinació de tons crema, negre i acabats daurats aporta caràcter, sofisticació i estil urbà, ideal per a aquelles que busquen comoditat sense passar desapercebudes. Confeccionat amb una combinació de serra bovina i teixit, aquest model garanteix suavitat, [&hellip;]</p>
