{"id":5884,"date":"2025-08-14T10:31:57","date_gmt":"2025-08-14T08:31:57","guid":{"rendered":"https:\/\/panots.es\/garraf-grey\/"},"modified":"2025-08-14T10:31:57","modified_gmt":"2025-08-14T08:31:57","slug":"garraf-grey","status":"publish","type":"product","link":"https:\/\/panots.es\/ca\/garraf-grey\/","title":{"rendered":"GARRAF GREY"},"content":{"rendered":"<p class=\"p1\"><span class=\"s1\">Garraf Grey<\/span><span class=\"s2\"> \u00e9s una fusi\u00f3 entre estil <em>outdoor<\/em> i disseny urb\u00e0. Inspirat en els tons minerals i els contrastos del mass\u00eds del Garraf, aquest model destaca per la seva pres\u00e8ncia ferma, el seu disseny t\u00e8cnic i la seva sola robusta amb el logotip <\/span><span class=\"s1\">PANOTS<\/span><span class=\"s2\"> en gran format.<\/span><\/p>\n<p class=\"p1\"><span class=\"s2\">El seu tall combina serra bovina i teixit, oferint resist\u00e8ncia, flexibilitat i transpirabilitat. L\u2019interior folrat en teixit i la plantilla <em>memory foam<\/em> extra\u00efble asseguren una trepitjada c\u00f2moda i amortida. La sola de goma de gran volum aporta estabilitat i actitud a cada pas. Pensat per a aquells que caminen amb personalitat, dins i fora de la ciutat.<\/span><\/p>\n<p class=\"p1\"><span class=\"s1\">Tancament:<\/span><span class=\"s2\"> Cordons<\/span><\/p>\n<p class=\"p1\"><span class=\"s1\">Sola:<\/span><span class=\"s2\"> Goma robusta<\/span><\/p>\n<p class=\"p1\"><span class=\"s1\">Plantilla:<\/span><span class=\"s2\"> <em>Memory foam<\/em> extra\u00efble<\/span><\/p>\n<p class=\"p1\"><span class=\"s1\">Folre:<\/span><span class=\"s2\"> T\u00e8xtil<\/span><\/p>\n<p class=\"p1\"><span class=\"s1\">Tall:<\/span><span class=\"s2\"> Serra bovina i teixit<\/span><\/p>\n","protected":false},"excerpt":{"rendered":"<p>Garraf Grey \u00e9s una fusi\u00f3 entre estil outdoor i disseny urb\u00e0. Inspirat en els tons minerals i els contrastos del mass\u00eds del Garraf, aquest model destaca per la seva pres\u00e8ncia ferma, el seu disseny t\u00e8cnic i la seva sola robusta amb el logotip PANOTS en gran format. El seu tall combina serra bovina i teixit, [&hellip;]<\/p>\n","protected":false},"featured_media":5706,"comment_status":"closed","ping_status":"closed","template":"","meta":{"_acf_changed":false},"product_brand":[],"product_cat":[185,311,191],"product_tag":[],"class_list":["post-5884","product","type-product","status-publish","has-post-thumbnail","product_cat-colleccions","product_cat-new-in","product_cat-sport-style-home","pa_otros-barcelona","pa_otros-calcat-versatil","pa_otros-confort-diari","pa_otros-disseny-agosarat","pa_otros-edicio-especial","pa_otros-estil-urba","pa_otros-folre-textil","pa_otros-plantilla-extraible","pa_otros-plantilla-memory-foam","pa_otros-sabatilles-comodes","pa_otros-sabatilles-flexibles","pa_otros-sola-gruixuda","pa_otros-sola-lleugera","pa_otros-tall-en-serra-i-teixit","first","instock","sale","purchasable","product-type-variable"],"acf":[],"_links":{"self":[{"href":"https:\/\/panots.es\/ca\/wp-json\/wp\/v2\/product\/5884","targetHints":{"allow":["GET"]}}],"collection":[{"href":"https:\/\/panots.es\/ca\/wp-json\/wp\/v2\/product"}],"about":[{"href":"https:\/\/panots.es\/ca\/wp-json\/wp\/v2\/types\/product"}],"replies":[{"embeddable":true,"href":"https:\/\/panots.es\/ca\/wp-json\/wp\/v2\/comments?post=5884"}],"wp:featuredmedia":[{"embeddable":true,"href":"https:\/\/panots.es\/ca\/wp-json\/wp\/v2\/media\/5706"}],"wp:attachment":[{"href":"https:\/\/panots.es\/ca\/wp-json\/wp\/v2\/media?parent=5884"}],"wp:term":[{"taxonomy":"product_brand","embeddable":true,"href":"https:\/\/panots.es\/ca\/wp-json\/wp\/v2\/product_brand?post=5884"},{"taxonomy":"product_cat","embeddable":true,"href":"https:\/\/panots.es\/ca\/wp-json\/wp\/v2\/product_cat?post=5884"},{"taxonomy":"product_tag","embeddable":true,"href":"https:\/\/panots.es\/ca\/wp-json\/wp\/v2\/product_tag?post=5884"}],"curies":[{"name":"wp","href":"https:\/\/api.w.org\/{rel}","templated":true}]}}

<p class="p1"><span class="s1">Garraf Grey</span><span class="s2"> és una fusió entre estil <em>outdoor</em> i disseny urbà. Inspirat en els tons minerals i els contrastos del massís del Garraf, aquest model destaca per la seva presència ferma, el seu disseny tècnic i la seva sola robusta amb el logotip </span><span class="s1">PANOTS</span><span class="s2"> en gran format.</span></p>
<p class="p1"><span class="s2">El seu tall combina serra bovina i teixit, oferint resistència, flexibilitat i transpirabilitat. L’interior folrat en teixit i la plantilla <em>memory foam</em> extraïble asseguren una trepitjada còmoda i amortida. La sola de goma de gran volum aporta estabilitat i actitud a cada pas. Pensat per a aquells que caminen amb personalitat, dins i fora de la ciutat.</span></p>
<p class="p1"><span class="s1">Tancament:</span><span class="s2"> Cordons</span></p>
<p class="p1"><span class="s1">Sola:</span><span class="s2"> Goma robusta</span></p>
<p class="p1"><span class="s1">Plantilla:</span><span class="s2"> <em>Memory foam</em> extraïble</span></p>
<p class="p1"><span class="s1">Folre:</span><span class="s2"> Tèxtil</span></p>
<p class="p1"><span class="s1">Tall:</span><span class="s2"> Serra bovina i teixit</span></p>

<p>Garraf Grey és una fusió entre estil outdoor i disseny urbà. Inspirat en els tons minerals i els contrastos del massís del Garraf, aquest model destaca per la seva presència ferma, el seu disseny tècnic i la seva sola robusta amb el logotip PANOTS en gran format. El seu tall combina serra bovina i teixit, [&hellip;]</p>
