{"id":5912,"date":"2025-08-14T11:04:06","date_gmt":"2025-08-14T09:04:06","guid":{"rendered":"https:\/\/panots.es\/montblanc-sand\/"},"modified":"2025-08-14T11:04:06","modified_gmt":"2025-08-14T09:04:06","slug":"montblanc-sand","status":"publish","type":"product","link":"https:\/\/panots.es\/ca\/montblanc-sand\/","title":{"rendered":"MONTBLANC SAND"},"content":{"rendered":"<p class=\"p1\"><span class=\"s1\">Montblanc Sand<\/span><span class=\"s2\"> equilibra sobrietat, funcionalitat i estil <em>outdoor<\/em> en una sabatilla pensada per caminar amb car\u00e0cter. La seva combinaci\u00f3 de tons sorra i gris fosc ofereix un contrast subtil i original, adaptant-se tant a looks urbans com a entorns naturals.<\/span><\/p>\n<p class=\"p1\"><span class=\"s2\">El tall, en serra bovina i teixit, aporta resist\u00e8ncia, estructura i transpirabilitat. L\u2019interior t\u00e8xtil i la plantilla <em>memory foam<\/em> extra\u00efble proporcionen una trepitjada c\u00f2moda i encoixinada, mentre que la sola de goma robusta garanteix tracci\u00f3 i estabilitat en superf\u00edcies diverses. Un model perfecte per al dia a dia amb inspiraci\u00f3 <em>outdoor<\/em>.<\/span><\/p>\n<p class=\"p1\"><span class=\"s1\">Tancament:<\/span><span class=\"s2\"> Cordons<\/span><\/p>\n<p class=\"p1\"><span class=\"s1\">Sola:<\/span><span class=\"s2\"> Goma robusta<\/span><\/p>\n<p class=\"p1\"><span class=\"s1\">Plantilla:<\/span><span class=\"s2\"> <em>Memory foam<\/em> extra\u00efble<\/span><\/p>\n<p class=\"p1\"><span class=\"s1\">Folre:<\/span><span class=\"s2\"> T\u00e8xtil<\/span><\/p>\n<p class=\"p1\"><span class=\"s1\">Tall:<\/span><span class=\"s2\"> Serra bovina i teixit<\/span><\/p>\n","protected":false},"excerpt":{"rendered":"<p>Montblanc Sand equilibra sobrietat, funcionalitat i estil outdoor en una sabatilla pensada per caminar amb car\u00e0cter. La seva combinaci\u00f3 de tons sorra i gris fosc ofereix un contrast subtil i original, adaptant-se tant a looks urbans com a entorns naturals. El tall, en serra bovina i teixit, aporta resist\u00e8ncia, estructura i transpirabilitat. L\u2019interior t\u00e8xtil i [&hellip;]<\/p>\n","protected":false},"featured_media":5716,"comment_status":"closed","ping_status":"closed","template":"","meta":{"_acf_changed":false},"product_brand":[],"product_cat":[185,311,191],"product_tag":[],"class_list":["post-5912","product","type-product","status-publish","has-post-thumbnail","product_cat-colleccions","product_cat-new-in","product_cat-sport-style-home","pa_otros-barcelona","pa_otros-calcat-versatil","pa_otros-confort-diari","pa_otros-disseny-agosarat","pa_otros-edicio-especial","pa_otros-estil-urba","pa_otros-folre-textil","pa_otros-look-natural-i-urba","pa_otros-outdoor","pa_otros-plantilla-extraible","pa_otros-plantilla-memory-foam","pa_otros-sabatilles-comodes","pa_otros-sabatilles-flexibles","pa_otros-sola-gruixuda","pa_otros-sola-lleugera","pa_otros-tall-en-serra-i-teixit","first","instock","sale","purchasable","product-type-variable"],"acf":[],"_links":{"self":[{"href":"https:\/\/panots.es\/ca\/wp-json\/wp\/v2\/product\/5912","targetHints":{"allow":["GET"]}}],"collection":[{"href":"https:\/\/panots.es\/ca\/wp-json\/wp\/v2\/product"}],"about":[{"href":"https:\/\/panots.es\/ca\/wp-json\/wp\/v2\/types\/product"}],"replies":[{"embeddable":true,"href":"https:\/\/panots.es\/ca\/wp-json\/wp\/v2\/comments?post=5912"}],"wp:featuredmedia":[{"embeddable":true,"href":"https:\/\/panots.es\/ca\/wp-json\/wp\/v2\/media\/5716"}],"wp:attachment":[{"href":"https:\/\/panots.es\/ca\/wp-json\/wp\/v2\/media?parent=5912"}],"wp:term":[{"taxonomy":"product_brand","embeddable":true,"href":"https:\/\/panots.es\/ca\/wp-json\/wp\/v2\/product_brand?post=5912"},{"taxonomy":"product_cat","embeddable":true,"href":"https:\/\/panots.es\/ca\/wp-json\/wp\/v2\/product_cat?post=5912"},{"taxonomy":"product_tag","embeddable":true,"href":"https:\/\/panots.es\/ca\/wp-json\/wp\/v2\/product_tag?post=5912"}],"curies":[{"name":"wp","href":"https:\/\/api.w.org\/{rel}","templated":true}]}}

<p class="p1"><span class="s1">Montblanc Sand</span><span class="s2"> equilibra sobrietat, funcionalitat i estil <em>outdoor</em> en una sabatilla pensada per caminar amb caràcter. La seva combinació de tons sorra i gris fosc ofereix un contrast subtil i original, adaptant-se tant a looks urbans com a entorns naturals.</span></p>
<p class="p1"><span class="s2">El tall, en serra bovina i teixit, aporta resistència, estructura i transpirabilitat. L’interior tèxtil i la plantilla <em>memory foam</em> extraïble proporcionen una trepitjada còmoda i encoixinada, mentre que la sola de goma robusta garanteix tracció i estabilitat en superfícies diverses. Un model perfecte per al dia a dia amb inspiració <em>outdoor</em>.</span></p>
<p class="p1"><span class="s1">Tancament:</span><span class="s2"> Cordons</span></p>
<p class="p1"><span class="s1">Sola:</span><span class="s2"> Goma robusta</span></p>
<p class="p1"><span class="s1">Plantilla:</span><span class="s2"> <em>Memory foam</em> extraïble</span></p>
<p class="p1"><span class="s1">Folre:</span><span class="s2"> Tèxtil</span></p>
<p class="p1"><span class="s1">Tall:</span><span class="s2"> Serra bovina i teixit</span></p>

<p>Montblanc Sand equilibra sobrietat, funcionalitat i estil outdoor en una sabatilla pensada per caminar amb caràcter. La seva combinació de tons sorra i gris fosc ofereix un contrast subtil i original, adaptant-se tant a looks urbans com a entorns naturals. El tall, en serra bovina i teixit, aporta resistència, estructura i transpirabilitat. L’interior tèxtil i [&hellip;]</p>
