{"id":5933,"date":"2025-08-14T11:23:20","date_gmt":"2025-08-14T09:23:20","guid":{"rendered":"https:\/\/panots.es\/rosello-navy\/"},"modified":"2025-08-14T11:23:20","modified_gmt":"2025-08-14T09:23:20","slug":"rosello-navy","status":"publish","type":"product","link":"https:\/\/panots.es\/ca\/rosello-navy\/","title":{"rendered":"ROSELLO NAVY"},"content":{"rendered":"<p class=\"p1\"><span class=\"s1\">Rosell\u00f3 Navy<\/span><span class=\"s2\"> \u00e9s una <em>sneaker<\/em> minimalista i elegant que destaca per la seva silueta neta i monocrom\u00e0tica. Dissenyada per al dia a dia, \u00e9s una opci\u00f3 vers\u00e0til per a aquells que busquen estil urb\u00e0 amb un enfocament discret i sofisticat.<\/span><\/p>\n<p class=\"p1\"><span class=\"s2\">Fabricada amb un tall en serra bovina i teixit, aquesta sabatilla ofereix durabilitat, transpirabilitat i suavitat. El folre interior t\u00e8xtil, la plantilla <em>memory foam<\/em> extra\u00efble i la sola de goma proporcionen una trepitjada c\u00f2moda, flexible i segura en tot tipus de superf\u00edcies.<\/span><\/p>\n<p class=\"p1\"><span class=\"s1\">Tancament:<\/span><span class=\"s2\"> Cordons<\/span><\/p>\n<p class=\"p1\"><span class=\"s1\">Sola:<\/span><span class=\"s2\"> Goma<\/span><\/p>\n<p class=\"p1\"><span class=\"s1\">Plantilla:<\/span><span class=\"s2\"> <em>Memory foam<\/em> extra\u00efble<\/span><\/p>\n<p class=\"p1\"><span class=\"s1\">Folre:<\/span><span class=\"s2\"> T\u00e8xtil<\/span><\/p>\n<p class=\"p1\"><span class=\"s1\">Tall:<\/span><span class=\"s2\"> Serra bovina i teixit<\/span><\/p>\n","protected":false},"excerpt":{"rendered":"<p>Rosell\u00f3 Navy \u00e9s una sneaker minimalista i elegant que destaca per la seva silueta neta i monocrom\u00e0tica. Dissenyada per al dia a dia, \u00e9s una opci\u00f3 vers\u00e0til per a aquells que busquen estil urb\u00e0 amb un enfocament discret i sofisticat. Fabricada amb un tall en serra bovina i teixit, aquesta sabatilla ofereix durabilitat, transpirabilitat i [&hellip;]<\/p>\n","protected":false},"featured_media":5781,"comment_status":"closed","ping_status":"closed","template":"","meta":{"_acf_changed":false},"product_brand":[],"product_cat":[185,190,311],"product_tag":[],"class_list":["post-5933","product","type-product","status-publish","has-post-thumbnail","product_cat-colleccions","product_cat-minimal-home","product_cat-new-in","pa_otros-barcelona","pa_otros-calcat-versatil","pa_otros-confort-diari","pa_otros-estil-urba","pa_otros-folre-textil","pa_otros-look-natural-i-urba","pa_otros-plantilla-extraible","pa_otros-plantilla-memory-foam","pa_otros-sabatilles-comodes","pa_otros-sola-lleugera","pa_otros-tall-en-serra-i-teixit","first","instock","sale","purchasable","product-type-variable"],"acf":[],"_links":{"self":[{"href":"https:\/\/panots.es\/ca\/wp-json\/wp\/v2\/product\/5933","targetHints":{"allow":["GET"]}}],"collection":[{"href":"https:\/\/panots.es\/ca\/wp-json\/wp\/v2\/product"}],"about":[{"href":"https:\/\/panots.es\/ca\/wp-json\/wp\/v2\/types\/product"}],"replies":[{"embeddable":true,"href":"https:\/\/panots.es\/ca\/wp-json\/wp\/v2\/comments?post=5933"}],"wp:featuredmedia":[{"embeddable":true,"href":"https:\/\/panots.es\/ca\/wp-json\/wp\/v2\/media\/5781"}],"wp:attachment":[{"href":"https:\/\/panots.es\/ca\/wp-json\/wp\/v2\/media?parent=5933"}],"wp:term":[{"taxonomy":"product_brand","embeddable":true,"href":"https:\/\/panots.es\/ca\/wp-json\/wp\/v2\/product_brand?post=5933"},{"taxonomy":"product_cat","embeddable":true,"href":"https:\/\/panots.es\/ca\/wp-json\/wp\/v2\/product_cat?post=5933"},{"taxonomy":"product_tag","embeddable":true,"href":"https:\/\/panots.es\/ca\/wp-json\/wp\/v2\/product_tag?post=5933"}],"curies":[{"name":"wp","href":"https:\/\/api.w.org\/{rel}","templated":true}]}}

<p class="p1"><span class="s1">Roselló Navy</span><span class="s2"> és una <em>sneaker</em> minimalista i elegant que destaca per la seva silueta neta i monocromàtica. Dissenyada per al dia a dia, és una opció versàtil per a aquells que busquen estil urbà amb un enfocament discret i sofisticat.</span></p>
<p class="p1"><span class="s2">Fabricada amb un tall en serra bovina i teixit, aquesta sabatilla ofereix durabilitat, transpirabilitat i suavitat. El folre interior tèxtil, la plantilla <em>memory foam</em> extraïble i la sola de goma proporcionen una trepitjada còmoda, flexible i segura en tot tipus de superfícies.</span></p>
<p class="p1"><span class="s1">Tancament:</span><span class="s2"> Cordons</span></p>
<p class="p1"><span class="s1">Sola:</span><span class="s2"> Goma</span></p>
<p class="p1"><span class="s1">Plantilla:</span><span class="s2"> <em>Memory foam</em> extraïble</span></p>
<p class="p1"><span class="s1">Folre:</span><span class="s2"> Tèxtil</span></p>
<p class="p1"><span class="s1">Tall:</span><span class="s2"> Serra bovina i teixit</span></p>

<p>Roselló Navy és una sneaker minimalista i elegant que destaca per la seva silueta neta i monocromàtica. Dissenyada per al dia a dia, és una opció versàtil per a aquells que busquen estil urbà amb un enfocament discret i sofisticat. Fabricada amb un tall en serra bovina i teixit, aquesta sabatilla ofereix durabilitat, transpirabilitat i [&hellip;]</p>
